me number?
False
Let v = 1194 + -822. Suppose u - v - 213 = -2*n, 0 = 5*n + 2*u - 1463. Is n a prime number?
True
Let c(u) = -u. Let w(y) = 2*y - 1. Let f(q) = -3*c(q) + w(q). Let g = -148 - -152. Is f(g) a composite number?
False
Let o be (-8)/10*90/(-12). Suppose o*u = 5*u + 203. Is u a prime number?
False
Suppose 5*f + 157 = -t, f - 2*t - 11 = -38. Let j = f - -38. Is j a prime number?
True
Suppose 3*c = -2*a + 1774 + 33277, c + 70081 = 4*a. Is a composite?
True
Let c(z) = -196*z - 19. Suppose -2*f + 2 - 26 = 0. Is c(f) a prime number?
True
Suppose 0 = -838*j + 822*j + 175856. Is j a prime number?
False
Let a(z) = -1808*z**3 + 2*z**2 - z - 2. Let d be a(-1). Let y = d + -1250. Is y composite?
True
Suppose -5*l = -m, -3*m = 2*m - 2*l + 23. Is ((-3)/9)/(m/1245) a prime number?
True
Suppose -7*n - 9*n + 784304 = 0. Is n composite?
False
Suppose -a = 4*a - 100. Suppose -4*l = -6*l + a. Let m = 153 + l. Is m a composite number?
False
Let a(x) = 400*x**3 + x**2 - 4*x + 3. Is a(2) a composite number?
True
Suppose 2*k = -23 + 19, 5*c - 2*k - 92699 = 0. Is c a prime number?
True
Let k be 4 - ((-3)/3 + 6). Let y be (-2 + 17)/3*k. Is (-289)/(-2) + y/(-10) composite?
True
Let a(b) = b. Suppose -4*y + y = -12. Let k be a(y). Suppose 0 = k*m - 0*m + g - 137, -4*g = -5*m + 187. Is m a composite number?
True
Is ((-63)/36 + 5)/(1/76) a composite number?
True
Suppose 3*t + 2 = -2*j, -16 = -4*j + 5*t - t. Let p be 2/(2 - 8/5). Suppose p*f - 3291 = j*f. Is f composite?
False
Suppose 8*z = 4*z. Suppose u + d - 2919 = z, 3*d + 1 = -2. Suppose u = 5*n + o, 6*o = -5*n + o + 2940. Is n prime?
False
Let z(j) = j**3 - 3*j**2 - 6*j - 6. Let v(a) = 4*a**3 - 8*a**2 - 19*a - 18. Let q(y) = 2*v(y) - 7*z(y). Let i be q(-4). Is 1475/7 + i/21 a composite number?
False
Let c(m) = 84*m**2 + 2*m - 1. Let k be c(4). Suppose -2*f = -1021 - k. Is f composite?
True
Let z be (959*1)/((-3)/(-9)). Let w = 139 + -132. Suppose z = -4*j + w*j. Is j prime?
False
Let i be 5 - (330/105 - 1/7). Let l(c) = -105*c**2 + c + 3. Let r(n) = -n**2 + n + 1. Let q(b) = -l(b) + 2*r(b). Is q(i) a prime number?
False
Let f = 475 + 484. Suppose -f = l - 4*l - c, 4*l - 2*c - 1272 = 0. Is l a prime number?
False
Let z(o) = 10577*o + 26. Is z(1) a composite number?
True
Let z be 2498 + (-7 - -3)/(-4). Suppose -z = -6*p - 141. Is p composite?
True
Suppose -2*l + 2*s + 296 = 0, 5*l + 2*s = 1265 - 490. Suppose -4*d = -y - l, 2*d + 3*y - 79 = 4*y. Is d a composite number?
False
Let t(a) = -a**3 + 15*a**2 - 15*a + 6. Let y be 1/(-2 + (-17)/(-8)). Let j(p) = -p**3 + 8*p**2 + 3*p - 11. Let h be j(y). Is t(h) prime?
True
Suppose 0 = -11*l + 12*l + 3*k - 26740, 5*l = -5*k + 133710. Is l prime?
False
Suppose -4*t - s + 6 = -9, -18 = -3*t - 3*s. Let a be 1/(t + 14/(-5)). Let o(g) = g**3 - 6*g + 2. Is o(a) a prime number?
True
Suppose -53*n = -61*n + 27728. Is n a prime number?
False
Is (7 + -8)/((-4)/(-15164)*-1) prime?
False
Let c(t) = 80*t**2 + 54*t - 87. Is c(20) composite?
False
Let q be 4 - -2 - 3 - 3. Is (-797)/4*(q - 4) a composite number?
False
Suppose -y + 0 - 3 = 0. Let z be 1 + y - -6 - -250. Is (z + 0)*(-42)/(-28) a prime number?
False
Let i(u) = 56*u**2 + 37*u + 35. Is i(-6) a prime number?
False
Let k = 1158 - -3069. Is k composite?
True
Let y = 40 - -5. Suppose 0 = 3*o + y - 162. Is o prime?
False
Suppose s - 102 = -97, -40594 = -3*b - 5*s. Is b composite?
False
Let y = -845 + 596. Let b = -158 - y. Let w = b - -6. Is w a prime number?
True
Suppose 8*z = 3*z - 4*f + 2926, -f - 1 = 0. Is 40/50*z/(-8)*-5 a composite number?
False
Let x = -1033 - -2754. Is x prime?
True
Suppose -210338 = -9*q - 60281. Is q composite?
False
Let d be 611 + 3/(-3) + 4. Let p = -88 + d. Is p composite?
True
Suppose -3*n = -4*n - 57. Let s be n/(-2) - 4/8. Is (-12)/s - (-4640)/14 a composite number?
False
Let w(v) be the second derivative of -v**6/72 - 11*v**5/120 - v**4/6 + 4*v. Let d(o) be the third derivative of w(o). Is d(-9) a prime number?
True
Suppose 46*m - 50*m = -31628. Is m prime?
True
Let n(g) be the third derivative of g**8/560 - g**7/840 + g**6/144 - g**5/15 + 6*g**2. Let r(q) be the third derivative of n(q). Is r(4) prime?
True
Suppose -z - 6 - 2 = -2*u, 3*u = 0. Is ((-2179)/2)/(4/z) prime?
True
Let g(n) = 71*n**3 + 5*n**2 - 4*n - 7. Let u be g(3). Let r(p) = -35*p**2 + 7*p. Let d be r(5). Let m = u + d. Is m prime?
True
Suppose 0 = -5*q + 3*f - 39 + 1224, 0 = -5*q - 4*f + 1150. Let u be 1*(-2 + -419)*-1. Let t = u - q. Is t a prime number?
False
Is 2 + 13350 + 6/2 prime?
False
Suppose -d - a + 4 = 0, 0 = -5*d + 2*a - 5 + 4. Suppose -2*y = 5*o + 24, -d = y + 3*o + 13. Is (42/(-9))/(y/57) a composite number?
True
Let a(d) = -15*d - 2. Let u(w) = -w**3 - 6*w**2 - 6*w - 2. Let l be u(-5). Let g be a(l). Let m = 32 - g. Is m a prime number?
True
Let q(w) = -23*w - 6 - 222*w + 2 + 6. Is q(-1) prime?
False
Let t = 12988 - -27465. Is t a prime number?
False
Let p be (0 - 5) + (-4 - -5). Let f = p + 7. Suppose -f*t - v - v = -47, -t = -3*v - 34. Is t a composite number?
False
Is 6 + 78/(-14) - (-20276)/7 composite?
False
Suppose -i = -6*n + n - 35, 4*i = 5*n + 20. Let j(p) = 12*p**2 - 8*p - 28. Let y(w) = 3*w**2 - 2*w - 7. Let f(t) = -2*j(t) + 9*y(t). Is f(n) a prime number?
False
Let q(l) = -2*l**2 + l. Let z be q(-1). Is (-9)/z - (1 - 1) a prime number?
True
Is ((-10)/(-30))/(3*(-1)/(-4086)) a prime number?
False
Suppose r = 2*n - 0*r - 33, -2*n + 2*r + 34 = 0. Let q(w) = -9*w - 1. Let h be q(1). Let a = h + n. Is a a prime number?
False
Let n(h) = 222*h - 61. Let d(z) = -111*z + 31. Let c(l) = -5*d(l) - 3*n(l). Is c(-5) prime?
False
Let s be 4/(-12)*0 - 1. Is s/((-3)/(4 + 4517)) prime?
False
Let t = -2381 + 11322. Is t composite?
False
Let c(g) = 62*g**2 - 99*g + 5. Is c(12) a composite number?
True
Let y(x) = -22*x + 1. Let l(u) = u**3 - 7*u**2 - 9*u - 1. Let q be l(8). Let s be 1/((-6)/q)*-2. Is y(s) a composite number?
False
Suppose 43*n = -22*n + 34645. Is n prime?
False
Is (19686/18 + 0)*3 prime?
False
Let l(m) = m**3 - 4*m**2 + 2*m + 1. Let w be l(2). Is (-2 - -1)*(w + -440) composite?
False
Suppose 2*q = -q + 15. Suppose 0 = -69*y + 63*y + 648. Suppose 0 = q*t - y + 13. Is t composite?
False
Let j(q) = 80*q**2 + 9*q + 6. Is j(-11) a prime number?
True
Suppose 2*y = -n + 517, -5*n + n - 263 = -y. Is y a prime number?
False
Suppose 17*b + 6 = 19*b. Is (b + -6)/((-18)/18498) prime?
True
Suppose 13*t = 8*t + 29210. Let q = t - 3713. Is q a prime number?
True
Let w be 3 - 2 - 21/(-3). Let b(n) = -7*n + 10*n**2 - n**3 - 3*n + 9 + 0*n**2. Is b(w) prime?
False
Let t(k) = -k**3 + 33*k**2 - 7*k + 42. Is t(17) a composite number?
False
Suppose 15*r = 19*r - 20. Let p(n) = 346*n + 5. Is p(r) prime?
False
Is (40/(-44))/5 + (-51453)/(-33) composite?
False
Let z be 8*((-7)/2 - -4). Is 543 - (z/(-1) - -6) a prime number?
True
Let j(y) = 4*y**3 - y**2 + y - 1. Let z be j(1). Is 818/z*(-27)/(-18) composite?
False
Suppose -807346 = -22*y - 24*y. Is y composite?
False
Suppose c = -k - 1, 8*c = 5*k + 3*c - 25. Let m be (-10)/k - (-33)/11. Is 204 - (-6)/(5 + m) a prime number?
False
Suppose m - 7*m + 18 = 0. Suppose 2*l = -2*i + 432, m*i = 3*l + 7*i - 653. Is l a prime number?
True
Suppose -2*z + 8 = 3*a + a, 5*a - z = 10. Let v = 0 + a. Suppose v*m = 248 + 110. Is m a prime number?
True
Let u(t) = 57*t**2 - 7*t + 21. Is u(16) prime?
False
Let p = 72 - 42. Let j = -31 + p. Let z(c) = -503*c - 2. Is z(j) prime?
False
Let a = -17365 - -28648. Is a composite?
True
Let h(t) = 2*t**3 - 3*t**2 + 2. Let m be h(2). Suppose 0 = -m*x + 7*x. Suppose -5*y + 583 + 1072 = x. Is y prime?
True
Suppose 0 = -2*s + 8 + 4. Suppose s*q - q + 446 = 3*v, v = 2*q + 147. Is v a composite number?
False
Suppose 9*d - 11 = 16. Suppose 0*o - 493 = -3*l - o, -4*o + 505 = d*l. Is l composite?
False
Let v = 32 + -47. Let x be (-893)/(-2) + v/30. Suppose p - x = -p. Is p a composite number?
False
Let w(c) = -3*c**3 - 3*c**2 + 5*c - 8. Let j(d) = 2*d**3 + 2*d**2 - 3*d + 4. Let m(y) = -5*j(y) - 3*w(y). Let p be 2/(-3)*9/2. Is m(p) a composite number?
True
Let y(f) = 538*f**3 - f**2 + 15*f - 7. Is y(6) a prime number?
False
Let h(l) = 33*l - 28. Let y(i) = 32*i - 29. Let p(n) = -4*h(n) + 5*y(n). Is p(16) a prime number?
False
Let u be (-2)/10*-5*-1. Is (-2)/(4/16